[INFO] cloning repository https://github.com/SgoSkz/youtube-scraper
[INFO] running `Command { std: "git" "-c" "credential.helper=" "-c" "credential.helper=/workspace/cargo-home/bin/git-credential-null" "clone" "--bare" "https://github.com/SgoSkz/youtube-scraper" "/workspace/cache/git-repos/https%3A%2F%2Fgithub.com%2FSgoSkz%2Fyoutube-scraper", kill_on_drop: false }`
[INFO] [stderr] Cloning into bare repository '/workspace/cache/git-repos/https%3A%2F%2Fgithub.com%2FSgoSkz%2Fyoutube-scraper'...
[INFO] running `Command { std: "git" "rev-parse" "HEAD", kill_on_drop: false }`
[INFO] [stdout] 8982e5856f0ebc7b52cef182cb5098374b30ce51
[INFO] checking SgoSkz/youtube-scraper against master#e6e4f7ed1589e03bc2f6c5931c1a72e7947e8682 for beta-170-4
[INFO] running `Command { std: "git" "clone" "/workspace/cache/git-repos/https%3A%2F%2Fgithub.com%2FSgoSkz%2Fyoutube-scraper" "/workspace/builds/worker-1-tc2/source", kill_on_drop: false }`
[INFO] [stderr] Cloning into '/workspace/builds/worker-1-tc2/source'...
[INFO] [stderr] done.
[INFO] validating manifest of git repo https://github.com/SgoSkz/youtube-scraper on toolchain e6e4f7ed1589e03bc2f6c5931c1a72e7947e8682
[INFO] running `Command { std: CARGO_HOME="/workspace/cargo-home" RUSTUP_HOME="/workspace/rustup-home" "/workspace/cargo-home/bin/cargo" "+e6e4f7ed1589e03bc2f6c5931c1a72e7947e8682" "metadata" "--manifest-path" "Cargo.toml" "--no-deps", kill_on_drop: false }`
[INFO] started tweaking git repo https://github.com/SgoSkz/youtube-scraper
[INFO] finished tweaking git repo https://github.com/SgoSkz/youtube-scraper
[INFO] tweaked toml for git repo https://github.com/SgoSkz/youtube-scraper written to /workspace/builds/worker-1-tc2/source/Cargo.toml
[INFO] running `Command { std: CARGO_HOME="/workspace/cargo-home" RUSTUP_HOME="/workspace/rustup-home" __CARGO_TEST_CHANNEL_OVERRIDE_DO_NOT_USE_THIS="nightly" "/workspace/cargo-home/bin/cargo" "+e6e4f7ed1589e03bc2f6c5931c1a72e7947e8682" "generate-lockfile" "--manifest-path" "Cargo.toml" "-Zno-index-update", kill_on_drop: false }`
[INFO] running `Command { std: CARGO_HOME="/workspace/cargo-home" RUSTUP_HOME="/workspace/rustup-home" "/workspace/cargo-home/bin/cargo" "+e6e4f7ed1589e03bc2f6c5931c1a72e7947e8682" "fetch" "--manifest-path" "Cargo.toml", kill_on_drop: false }`
[INFO] [stderr] warning: unused manifest key: package.author
[INFO] running `Command { std: "docker" "create" "-v" "/var/lib/crater-agent-workspace/builds/worker-1-tc2/target:/opt/rustwide/target:rw,Z" "-v" "/var/lib/crater-agent-workspace/builds/worker-1-tc2/source:/opt/rustwide/workdir:ro,Z" "-v" "/var/lib/crater-agent-workspace/cargo-home:/opt/rustwide/cargo-home:ro,Z" "-v" "/var/lib/crater-agent-workspace/rustup-home:/opt/rustwide/rustup-home:ro,Z" "-e" "SOURCE_DIR=/opt/rustwide/workdir" "-e" "CARGO_TARGET_DIR=/opt/rustwide/target" "-e" "CARGO_HOME=/opt/rustwide/cargo-home" "-e" "RUSTUP_HOME=/opt/rustwide/rustup-home" "-w" "/opt/rustwide/workdir" "-m" "1610612736" "--user" "0:0" "--network" "none" "ghcr.io/rust-lang/crates-build-env/linux@sha256:19e73879b68f455e41552ea35293514db52ea292d993f571636dbffedb77a1ee" "/opt/rustwide/cargo-home/bin/cargo" "+e6e4f7ed1589e03bc2f6c5931c1a72e7947e8682" "metadata" "--no-deps" "--format-version=1", kill_on_drop: false }`
[INFO] [stdout] 7415796ae1ab110ad829c9bf2a019bd432ef8b38316aa42f2ac1747baf6b308f
[INFO] running `Command { std: "docker" "start" "-a" "7415796ae1ab110ad829c9bf2a019bd432ef8b38316aa42f2ac1747baf6b308f", kill_on_drop: false }`
[INFO] running `Command { std: "docker" "inspect" "7415796ae1ab110ad829c9bf2a019bd432ef8b38316aa42f2ac1747baf6b308f", kill_on_drop: false }`
[INFO] running `Command { std: "docker" "rm" "-f" "7415796ae1ab110ad829c9bf2a019bd432ef8b38316aa42f2ac1747baf6b308f", kill_on_drop: false }`
[INFO] [stdout] 7415796ae1ab110ad829c9bf2a019bd432ef8b38316aa42f2ac1747baf6b308f
[INFO] running `Command { std: "docker" "create" "-v" "/var/lib/crater-agent-workspace/builds/worker-1-tc2/target:/opt/rustwide/target:rw,Z" "-v" "/var/lib/crater-agent-workspace/builds/worker-1-tc2/source:/opt/rustwide/workdir:ro,Z" "-v" "/var/lib/crater-agent-workspace/cargo-home:/opt/rustwide/cargo-home:ro,Z" "-v" "/var/lib/crater-agent-workspace/rustup-home:/opt/rustwide/rustup-home:ro,Z" "-e" "SOURCE_DIR=/opt/rustwide/workdir" "-e" "CARGO_TARGET_DIR=/opt/rustwide/target" "-e" "CARGO_INCREMENTAL=0" "-e" "RUST_BACKTRACE=full" "-e" "RUSTFLAGS=--cap-lints=forbid" "-e" "RUSTDOCFLAGS=--cap-lints=forbid" "-e" "CARGO_HOME=/opt/rustwide/cargo-home" "-e" "RUSTUP_HOME=/opt/rustwide/rustup-home" "-w" "/opt/rustwide/workdir" "-m" "1610612736" "--user" "0:0" "--network" "none" "ghcr.io/rust-lang/crates-build-env/linux@sha256:19e73879b68f455e41552ea35293514db52ea292d993f571636dbffedb77a1ee" "/opt/rustwide/cargo-home/bin/cargo" "+e6e4f7ed1589e03bc2f6c5931c1a72e7947e8682" "check" "--frozen" "--all" "--all-targets" "--message-format=json", kill_on_drop: false }`
[INFO] [stdout] 34ffa14e664cb2de2a022fa0e633234e796ed8e6a268e9643a8efa42e07feb7e
[INFO] running `Command { std: "docker" "start" "-a" "34ffa14e664cb2de2a022fa0e633234e796ed8e6a268e9643a8efa42e07feb7e", kill_on_drop: false }`
[INFO] [stderr] warning: unused manifest key: package.author
[INFO] [stderr]    Compiling libc v0.2.144
[INFO] [stderr]    Compiling proc-macro2 v1.0.59
[INFO] [stderr]    Compiling log v0.4.18
[INFO] [stderr]    Compiling unicode-ident v1.0.9
[INFO] [stderr]    Compiling quote v1.0.28
[INFO] [stderr]    Compiling lock_api v0.4.9
[INFO] [stderr]    Compiling parking_lot_core v0.9.7
[INFO] [stderr]     Checking smallvec v1.10.0
[INFO] [stderr]     Checking scopeguard v1.1.0
[INFO] [stderr]    Compiling pkg-config v0.3.27
[INFO] [stderr]     Checking once_cell v1.17.2
[INFO] [stderr]     Checking pin-project-lite v0.2.9
[INFO] [stderr]    Compiling cc v1.0.79
[INFO] [stderr]    Compiling futures-core v0.3.28
[INFO] [stderr]     Checking bytes v1.4.0
[INFO] [stderr]    Compiling tokio v1.28.2
[INFO] [stderr]     Checking itoa v1.0.6
[INFO] [stderr]    Compiling io-lifetimes v1.0.11
[INFO] [stderr]    Compiling futures-task v0.3.28
[INFO] [stderr]     Checking tracing-core v0.1.31
[INFO] [stderr]    Compiling syn v2.0.18
[INFO] [stderr]    Compiling indexmap v1.9.3
[INFO] [stderr]    Compiling slab v0.4.8
[INFO] [stderr]     Checking fnv v1.0.7
[INFO] [stderr]    Compiling openssl v0.10.53
[INFO] [stderr]    Compiling futures-util v0.3.28
[INFO] [stderr]     Checking foreign-types-shared v0.1.1
[INFO] [stderr]    Compiling rustix v0.37.19
[INFO] [stderr]     Checking foreign-types v0.3.2
[INFO] [stderr]     Checking tracing v0.1.37
[INFO] [stderr]     Checking http v0.2.9
[INFO] [stderr]    Compiling signal-hook v0.3.15
[INFO] [stderr]     Checking futures-sink v0.3.28
[INFO] [stderr]    Compiling native-tls v0.2.11
[INFO] [stderr]     Checking linux-raw-sys v0.3.8
[INFO] [stderr]     Checking signal-hook-registry v1.4.1
[INFO] [stderr]     Checking mio v0.8.8
[INFO] [stderr]    Compiling openssl-sys v0.9.88
[INFO] [stderr]     Checking socket2 v0.4.9
[INFO] [stderr]     Checking parking_lot v0.12.1
[INFO] [stderr]     Checking num_cpus v1.15.0
[INFO] [stderr]    Compiling futures-channel v0.3.28
[INFO] [stderr]    Compiling serde v1.0.163
[INFO] [stderr]     Checking hashbrown v0.12.3
[INFO] [stderr]    Compiling httparse v1.8.0
[INFO] [stderr]     Checking pin-utils v0.1.0
[INFO] [stderr]     Checking tinyvec_macros v0.1.1
[INFO] [stderr]     Checking tinyvec v1.6.0
[INFO] [stderr]     Checking utf8parse v0.2.1
[INFO] [stderr]     Checking openssl-probe v0.1.5
[INFO] [stderr]     Checking try-lock v0.2.4
[INFO] [stderr]     Checking percent-encoding v2.2.0
[INFO] [stderr]     Checking want v0.3.0
[INFO] [stderr]     Checking anstyle-parse v0.2.0
[INFO] [stderr]     Checking form_urlencoded v1.1.0
[INFO] [stderr]     Checking unicode-normalization v0.1.22
[INFO] [stderr]     Checking http-body v0.4.5
[INFO] [stderr]    Compiling serde_json v1.0.96
[INFO] [stderr]     Checking tower-service v0.3.2
[INFO] [stderr]     Checking httpdate v1.0.2
[INFO] [stderr]     Checking is-terminal v0.4.7
[INFO] [stderr]     Checking ryu v1.0.13
[INFO] [stderr]     Checking anstyle-query v1.0.0
[INFO] [stderr]     Checking colorchoice v1.0.0
[INFO] [stderr]     Checking anstyle v1.0.0
[INFO] [stderr]     Checking unicode-bidi v0.3.13
[INFO] [stderr]     Checking signal-hook-mio v0.2.3
[INFO] [stderr]     Checking clap_lex v0.5.0
[INFO] [stderr]     Checking strsim v0.10.0
[INFO] [stderr]     Checking crossterm v0.25.0
[INFO] [stderr]     Checking encoding_rs v0.8.32
[INFO] [stderr]     Checking anstream v0.3.2
[INFO] [stderr]     Checking mime v0.3.17
[INFO] [stderr]     Checking base64 v0.21.2
[INFO] [stderr]     Checking clap_builder v4.3.0
[INFO] [stderr]     Checking ipnet v2.7.2
[INFO] [stderr]     Checking unicode-segmentation v1.10.1
[INFO] [stderr]     Checking idna v0.3.0
[INFO] [stderr]     Checking unicode-width v0.1.10
[INFO] [stderr]     Checking cassowary v0.3.0
[INFO] [stderr]     Checking tui v0.19.0
[INFO] [stderr]     Checking url v2.3.1
[INFO] [stderr]    Compiling tokio-macros v2.1.0
[INFO] [stderr]    Compiling openssl-macros v0.1.1
[INFO] [stderr]     Checking clap v4.3.0
[INFO] [stderr]     Checking serde_urlencoded v0.7.1
[INFO] [stderr]     Checking tokio-util v0.7.8
[INFO] [stderr]     Checking tokio-native-tls v0.3.1
[INFO] [stderr]     Checking h2 v0.3.19
[INFO] [stderr]     Checking hyper v0.14.26
[INFO] [stderr]     Checking hyper-tls v0.5.0
[INFO] [stderr]     Checking reqwest v0.11.18
[INFO] [stderr]     Checking surtch v0.1.0 (/opt/rustwide/workdir)
[INFO] [stdout] warning: unused variable: `term`
[INFO] [stdout]   --> src/gui.rs:12:13
[INFO] [stdout]    |
[INFO] [stdout] 12 |         let term = tui::Terminal::new(backend).unwrap();
[INFO] [stdout]    |             ^^^^ help: if this is intentional, prefix it with an underscore: `_term`
[INFO] [stdout]    |
[INFO] [stdout]    = note: `#[warn(unused_variables)]` on by default
[INFO] [stdout] 
[INFO] [stdout] 
[INFO] [stdout] warning: unused variable: `term`
[INFO] [stdout]   --> src/gui.rs:12:13
[INFO] [stdout]    |
[INFO] [stdout] 12 |         let term = tui::Terminal::new(backend).unwrap();
[INFO] [stdout]    |             ^^^^ help: if this is intentional, prefix it with an underscore: `_term`
[INFO] [stdout]    |
[INFO] [stdout]    = note: `#[warn(unused_variables)]` on by default
[INFO] [stdout] 
[INFO] [stdout] 
[INFO] [stdout] warning: fields `name` and `videos` are never read
[INFO] [stdout]  --> src/gui.rs:5:5
[INFO] [stdout]   |
[INFO] [stdout] 4 | pub struct GUI {
[INFO] [stdout]   |            --- fields in this struct
[INFO] [stdout] 5 |     name: String,
[INFO] [stdout]   |     ^^^^
[INFO] [stdout] 6 |     videos: Vec<Video>,
[INFO] [stdout]   |     ^^^^^^
[INFO] [stdout]   |
[INFO] [stdout]   = note: `#[warn(dead_code)]` on by default
[INFO] [stdout] 
[INFO] [stdout] 
[INFO] [stdout] warning: fields `name` and `videos` are never read
[INFO] [stdout]  --> src/gui.rs:5:5
[INFO] [stdout]   |
[INFO] [stdout] 4 | pub struct GUI {
[INFO] [stdout]   |            --- fields in this struct
[INFO] [stdout] 5 |     name: String,
[INFO] [stdout]   |     ^^^^
[INFO] [stdout] 6 |     videos: Vec<Video>,
[INFO] [stdout]   |     ^^^^^^
[INFO] [stdout]   |
[INFO] [stdout]   = note: `#[warn(dead_code)]` on by default
[INFO] [stdout] 
[INFO] [stdout] 
[INFO] [stdout] warning: 2 warnings emitted
[INFO] [stdout] 
[INFO] [stdout] 
[INFO] [stdout] warning: 2 warnings emitted
[INFO] [stdout] 
[INFO] [stdout] 
[INFO] [stdout] error[E0432]: unresolved imports `clap::App`, `clap::SubCommand`
[INFO] [stdout]  --> src/main.rs:2:12
[INFO] [stdout]   |
[INFO] [stdout] 2 | use clap::{App, Arg, SubCommand};
[INFO] [stdout]   |            ^^^       ^^^^^^^^^^
[INFO] [stdout]   |            |         |
[INFO] [stdout]   |            |         no `SubCommand` in the root
[INFO] [stdout]   |            |         help: a similar name exists in the module (notice the capitalization): `Subcommand`
[INFO] [stdout]   |            no `App` in the root
[INFO] [stdout] 
[INFO] [stdout] 
[INFO] [stdout] error[E0432]: unresolved imports `clap::App`, `clap::SubCommand`
[INFO] [stdout]  --> src/main.rs:2:12
[INFO] [stdout]   |
[INFO] [stdout] 2 | use clap::{App, Arg, SubCommand};
[INFO] [stdout]   |            ^^^       ^^^^^^^^^^
[INFO] [stdout]   |            |         |
[INFO] [stdout]   |            |         no `SubCommand` in the root
[INFO] [stdout]   |            |         help: a similar name exists in the module (notice the capitalization): `Subcommand`
[INFO] [stdout]   |            no `App` in the root
[INFO] [stdout] 
[INFO] [stdout] 
[INFO] [stdout] error[E0599]: no function or associated item named `with_name` found for struct `Arg` in the current scope
[INFO] [stdout]   --> src/main.rs:15:18
[INFO] [stdout]    |
[INFO] [stdout] 15 |             Arg::with_name("search")
[INFO] [stdout]    |                  ^^^^^^^^^ function or associated item not found in `Arg`
[INFO] [stdout] 
[INFO] [stdout] 
[INFO] [stdout] error[E0599]: no function or associated item named `with_name` found for struct `Arg` in the current scope
[INFO] [stdout]   --> src/main.rs:15:18
[INFO] [stdout]    |
[INFO] [stdout] 15 |             Arg::with_name("search")
[INFO] [stdout]    |                  ^^^^^^^^^ function or associated item not found in `Arg`
[INFO] [stdout] 
[INFO] [stdout] 
[INFO] [stdout] error[E0599]: no function or associated item named `with_name` found for struct `Arg` in the current scope
[INFO] [stdout]   --> src/main.rs:23:18
[INFO] [stdout]    |
[INFO] [stdout] 23 |             Arg::with_name("v")
[INFO] [stdout]    |                  ^^^^^^^^^ function or associated item not found in `Arg`
[INFO] [stdout] 
[INFO] [stdout] 
[INFO] [stdout] error[E0599]: no function or associated item named `with_name` found for struct `Arg` in the current scope
[INFO] [stdout]   --> src/main.rs:23:18
[INFO] [stdout]    |
[INFO] [stdout] 23 |             Arg::with_name("v")
[INFO] [stdout]    |                  ^^^^^^^^^ function or associated item not found in `Arg`
[INFO] [stdout] 
[INFO] [stdout] 
[INFO] [stdout] error[E0599]: no function or associated item named `with_name` found for struct `Arg` in the current scope
[INFO] [stdout]   --> src/main.rs:34:26
[INFO] [stdout]    |
[INFO] [stdout] 34 |                     Arg::with_name("debug")
[INFO] [stdout]    |                          ^^^^^^^^^ function or associated item not found in `Arg`
[INFO] [stdout] 
[INFO] [stdout] 
[INFO] [stdout] error[E0599]: no function or associated item named `with_name` found for struct `Arg` in the current scope
[INFO] [stdout]   --> src/main.rs:34:26
[INFO] [stdout]    |
[INFO] [stdout] 34 |                     Arg::with_name("debug")
[INFO] [stdout]    |                          ^^^^^^^^^ function or associated item not found in `Arg`
[INFO] [stdout] 
[INFO] [stdout] 
[INFO] [stdout] error: aborting due to 4 previous errors
[INFO] [stdout] 
[INFO] [stdout] 
[INFO] [stdout] Some errors have detailed explanations: E0432, E0599.
[INFO] [stdout] 
[INFO] [stdout] For more information about an error, try `rustc --explain E0432`.
[INFO] [stdout] 
[INFO] [stdout] error: aborting due to 4 previous errors
[INFO] [stdout] 
[INFO] [stdout] 
[INFO] [stdout] Some errors have detailed explanations: E0432, E0599.
[INFO] [stdout] 
[INFO] [stdout] For more information about an error, try `rustc --explain E0432`.
[INFO] [stdout] 
[INFO] [stderr] error: could not compile `surtch` (bin "surtch" test) due to 5 previous errors
[INFO] [stderr] warning: build failed, waiting for other jobs to finish...
[INFO] [stderr] error: could not compile `surtch` (bin "surtch") due to 5 previous errors
[INFO] running `Command { std: "docker" "inspect" "34ffa14e664cb2de2a022fa0e633234e796ed8e6a268e9643a8efa42e07feb7e", kill_on_drop: false }`
[INFO] running `Command { std: "docker" "rm" "-f" "34ffa14e664cb2de2a022fa0e633234e796ed8e6a268e9643a8efa42e07feb7e", kill_on_drop: false }`
[INFO] [stdout] 34ffa14e664cb2de2a022fa0e633234e796ed8e6a268e9643a8efa42e07feb7e
